 = u**3 - 8*u**2 - 11*u + 10. Calculate t(h).
-8
Let y(d) = d**3 + 3*d**2 + 2*d + 2. Let p(z) = -z**2 + 20*z - 2. Suppose -215 = 12*a - 7*a. Let v = a + 63. Let t be p(v). What is y(t)?
2
Let i(n) = -3*n**2 + 11*n + 29. Let d(o) = -o**3 - 69*o**2 - 1102*o - 45. Let k be d(-25). Give i(k).
9
Let k(g) = g**2 + 8. Let n = 1035 - 1042. Calculate k(n).
57
Let w(c) be the second derivative of c**4/12 + 5*c**3/6 - 7*c**2/2 - 4*c. Let p = 8645 + -8650. Calculate w(p).
-7
Let i(n) = -n**3 + 4*n**2 - 2*n - 1. Suppose 4*v = -27 + 27. Suppose -2*k - 4*c = -22, 2*c + v*c = 5*k - 7. Give i(k).
2
Let s be -13 + 17 + -2 + -1 + 3. Let m(i) = -3*i - 2*i - 3*i**3 + 2*i**3 + 6*i**2 - 1 - 2. What is m(s)?
9
Let r(z) = -z**3 - 11 + 2 + 0*z**3 - z**2. Suppose 47*p - 341*p = 30*p + 236*p. Calculate r(p).
-9
Let d(q) = -q**2 + 5*q. Let f be 10/(-4)*(-52)/65. Suppose 4*a - 3*l + 13 - 58 = 0, -40 = -f*a - 2*l. Suppose a = 5*v + 4*k + k, 5*k = v - 9. Calculate d(v).
4
Let m(v) be the second derivative of -2*v + 2*v**3 + 1/120*v**5 + 0 - 5/24*v**4 + 0*v**2. Let g(s) be the second derivative of m(s). Give g(6).
1
Let p(u) = u**2 + 6*u - 7. Suppose 0 = -33*l - 76 + 44 - 463. Determine p(l).
128
Let i(f) = -f**2 + 10*f - 14. Let u be i(4). Suppose -45 + u = -5*n. Let x(z) = -z + 10. Let m(a) = -3*a + 30. Let y(k) = -6*m(k) + 17*x(k). Determine y(n).
-3
Let p(i) = 2*i**2 + 6*i + 12. Let w be 12*(1 - (9/36 - -1)). Determine p(w).
12
Let i be 3237/83 + (-15)/1. Let a(b) = -b**3 + 25*b**2 - 25*b + 21. What is a(i)?
-3
Let z(l) = -102*l**2 + 102*l**2 + 5*l**3 - 3*l**3 + 9*l**3. Let b(a) = -a**3 - 10*a**2 - 7*a + 17. Let j be b(-9). What is z(j)?
-11
Let h(p) = -2*p**3 + 7*p**2 + 3*p + 8. Let l be h(4). Let r(n) = 28 - 16 - 16 + 2 - l*n. What is r(1)?
-6
Let k(u) = 2*u**3 - 6*u**2 - 3*u + 4. Suppose 13*n - 14*n = -5. Suppose 10*b - 5 = n. Let d(r) = r**2 + r - 1. Let t(y) = b*k(y) + 2*d(y). What is t(3)?
17
Suppose 0 = -12*s + 11*s + 2. Let i(j) = 2*j - 2*j**3 - 15*j + 3*j**s + 12*j. Calculate i(2).
-6
Let m(h) = -4*h + 4. Suppose 0 = -4*s - 6*g + g - 12, 4*s - 5*g - 28 = 0. What is m(s)?
-4
Let l(d) = d**3 - 11*d**2 - d - 3. Suppose -2*j + 3*v - 3 = 0, -265*j + 3 = -260*j + 3*v. Calculate l(j).
-3
Let g = -3190 + 3191. Let k(i) = i**3 + 5*i**2 + 4*i + 5. Let j be k(-4). Let d(v) = 6 + 0 + 9*v**3 - 2*v + 6*v**3 - j. Calculate d(g).
14
Let q(m) = -9*m**2 - 11 + 8*m**2 + 16 - 7*m + 1 + 3. Let b(z) = z**3 + 8*z**2 - 2*z + 5. Let j be b(-8). Let c = -29 + j. Give q(c).
1
Let p(b) = -b - 129. Let n(h) = -47. Let d(y) = -11*n(y) + 4*p(y). Suppose 3 = -x - 1. Let o(l) = -l - 5. Let f be o(x). Determine d(f).
5
Let o(f) = f - 282 - 264 - 261 + 765. What is o(33)?
-9
Let u(v) = -v**2 + 2*v - 2. Suppose -103 - 101 = -12*l. Suppose -40 = l*b - 25*b. What is u(b)?
-17
Let y be ((-3)/(-1))/3*10. Let x(q) = 5964*q + 12 - 5966*q - 3. What is x(y)?
-11
Suppose 0 = 5*x - 0 - 25. Suppose 0 = x*a - 2 + 7. Let y(t) = -20*t**2 - t. What is y(a)?
-19
Let w(r) = 3*r - 5. Let z(m) = -5*m + 10. Let u(t) = 7*w(t) + 4*z(t). Let o(a) = 10*a + 90. Let k be o(-11). Let c be 30/k*((-128)/(-12))/4. Determine u(c).
1
Let o(z) be the third derivative of -z**6/120 - z**5/60 + z**4/6 + 2*z**3/3 - 736*z**2. What is o(4)?
-60
Let y(o) = -7*o - 90. Let t(s) = -s**2 - 49*s + 381. Let x be t(-56). What is y(x)?
-13
Let a(y) = -2*y**2 + 24*y - 83. Let h(g) = 3*g**2 - 44*g + 147. Let x(b) = -7*a(b) - 4*h(b). What is x(-5)?
3
Let m(w) = w**2 - 3*w - 27. Let h = 89 + -81. Let b be m(h). Suppose -y + b*y = 36. Let l(r) = 4*r + 2. What is l(y)?
14
Let j = -13 - -19. Let r(g) = 7*g**2 + 2 + 15*g**3 - 8*g + 5*g**3 - 30*g**3 + 9*g**3 + 0*g**2. Give r(j).
-10
Suppose -3*c = 3*g + 21, 19*c = 14*c - 3*g - 49. Let j(v) = -v**3 - 16*v**2 - 19*v + 16. What is j(c)?
-110
Let v(w) = w**3 - w**2 + 5*w - 28. Suppose 2*o + 0*k + 5*k = -4, 4*o - 8 = -2*k. Calculate v(o).
5
Suppose j = 5*a - 41, 67*j - 66*j - 15 = -2*a. Let r(o) = 30*o**2 + o + 7. Let i(s) = 89*s**2 + 3*s + 20. Let l(v) = 6*i(v) - 17*r(v). Give l(j).
24
Let u(z) = -z**3 - 5*z**2 + 3. Let d(q) = 4*q**3 + 19*q**2 - 11. Let g(t) = -2*d(t) - 9*u(t). Let s(a) = 114*a - 15853. Let v be s(139). Determine g(v).
-5
Let s be 0/1 + (84 - 84). Let m(a) be the third derivative of -1/12*a**4 + 0 - 1/24*a**6 + 14*a**2 + 1/6*a**3 + s*a + 0*a**5. Give m(1).
-6
Let q be (-11)/(-5) - 2/10. Let n(c) be the first derivative of -c**4 + c**3 + c**2/2 - 2*c + 801. Give n(q).
-20
Let p(w) = w**2 - 4*w - 9. Let d be p(-2). Suppose 40*u - d = 37*u. Let y(f) = -f - 7*f**2 - u + 6*f**2 + f**3 + 0. Determine y(-1).
-2
Let x = -268 - -281. Let s(i) = -5 - 2 + x + 7*i - 9*i. Give s(7).
-8
Suppose -f + 40*v - 39*v - 8 = 0, -5*f - 4*v - 13 = 0. Let a(m) = -7*m - 33. Calculate a(f).
2
Let w(i) = -8*i**3 + 8194*i**2 - 3*i + 7*i**3 - 8205*i**2 + 18 - 5*i. Suppose -5*f + 3*o = -o + 66, -2*f + 4*o - 36 = 0. Determine w(f).
-2
Let d(y) be the second derivative of y**4/6 - 55*y**3/6 - 27*y**2/2 + 14284*y. Give d(28).
1
Let p(s) be the first derivative of s**3/3 + 7*s**2/2 - 11*s + 4487. Give p(-9).
7
Let i be 67/1 + (-10 - -7 - 1). Let p = -41 + i. Let n(r) = -13 + 3*r**2 - 3 + 15 + p*r**2. Determine n(-1).
24
Let n(p) = -9*p**2 - 124*p - 90. Let l be n(-13). Let r(b) = -19*b**2 + 4*b - 1. Determine r(l).
-16
Suppose -18*s = -62 + 44. Let v(j) = 36*j + 5*j**2 - j**2 - 36*j - 1. Calculate v(s).
3
Let k(y) = 14*y**2 + 7*y**3 - 6*y**3 + 6*y + 7*y - 21 + y + 2*y**2. Determine k(-15).
-6
Suppose -351*x + 34 = -368*x. Let m(z) = 10*z - 4. Determine m(x).
-24
Let f(t) = -t + 7. Let r(p) = 666*p - 6. Let l be r(0). Determine f(l).
13
Let d(s) = s**3 + 7*s**2 - s. Let z be ((-8)/(-12))/(6/693). Let g be z/(-33)*(-4)/((-8)/6). What is d(g)?
7
Let x be ((-15)/(-20))/(2*1/(-8)). Let n(h) = 15*h**2 - 3*h + 1. What is n(x)?
145
Let u(x) = 2*x**2 - 11*x + 7. Suppose 0 = -8*h - 15 - 37 + 84. Determine u(h).
-5
Suppose 0 = -2*n - c + 10, c + 245 = 5*n + 248. Let o(w) = 5*w**3 - w**2 + 4*w**3 + 4*w - 4 - 4*w**3. Determine o(n).
4
Suppose 2*h + 7 = 3*v, v - 2*v - 1 = 0. Let f(u) = -4*u**3 + 7*u. Let x(y) = -y**3 + y**2 + 2*y + 1. Let r(i) = h*x(i) + f(i). What is r(6)?
13
Let l(y) = y**3 + 2*y - 58. Let o = 10492 - 10492. Give l(o).
-58
Let c(u) = -u + 1. Let h(g) = -g**2 - 5*g + 1. Let m(i) = 3*c(i) - h(i). Let t(p) = p**2 - p. Let y(v) = m(v) - 2*t(v). Calculate y(5).
-3
Let b(q) = 686*q - 2*q**2 - 340*q + 1 - 345*q. Let w = -1 - 0. Let x be w/(16/(-12) - -1). Determine b(x).
-14
Let f(i) = i**3 - 10*i**2 - 24*i - 16. Suppose -790*s + 762*s + 336 = 0. Give f(s).
-16
Let x(o) be the second derivative of 1/6*o**3 + o**2 - 14*o + 0. What is x(6)?
8
Suppose 11*a - 5*z = 10*a - 7, -5*z = -5. Let x(c) = -6*c - 5. Let g(d) = d + 1. Let s(j) = 5*g(j) + x(j). What is s(a)?
2
Suppose -228 + 226 = -p. Let n(a) = a - 3. Let c be n(9). Let l(z) = -c*z - 1 + z + 28*z**2 - 27*z**p. Calculate l(5).
-1
Let n(r) = -11*r**3 + r**2 + r - 1. Suppose 30 = w + 35. Let h be (5 - (6 + w))/(6 - 2). What is n(h)?
-10
Let c(h) = -11*h - 3. Suppose 2*o = 2*b - 8, -11 = -3*o - 5*b - 15. Let x(u) = -11*u - 4. Let l(j) = o*x(j) + 4*c(j). Determine l(-1).
11
Let z(l) be the first derivative of -1/12*l**4 + 15*l - 1/3*l**3 + 1/10*l**5 - 6 + 1/2*l**2. Let t(y) be the first derivative of z(y). Calculate t(2).
9
Let s(b) = -b + 47. Let a(o) = 11*o - 236. Let w(x) = -a(x) - 5*s(x). Calculate w(8).
-47
Let g(s) = -3*s**2 - s - 4. Let a(r) be the first derivative of 4*r**3/3 + 4*r + 28. Let i(z) = 4*a(z) + 5*g(z). Let u = 15 - 9. Determine i(u).
2
Let x(f) be the third derivative of -f**5/30 + f**4/3 + 17*f**3/6 - 4*f**2 + 2*f - 61. Give x(5).
7
Let s(q) be the second derivative of 1/6*q**3 + 0 - 9/2*q**2 - 5*q. Let b = 13 + -6. Calculate s(b).
-2
Suppose 0*h + 3*r - 6 = 3*h, -2*r + 6 = 0. Let n be h + 7 + -3 - 2 - 0. Let k(v) = -v - v - 89*v**2 + n*v - v**3 + 81*v**2 + 9. Give k(-8).
1
Let s(z) be the first derivative of -6*z**2 - 40*z - 3213. Determine s(-6).
32
Let p(b) = -3*b - 2. Let l be (36/(-14))/(6 + 87/(-14)). Determine p(l).
-38
Let r(g) be the third derivative of g**6/60 + g**5/15 - g**4/8 - 7*g**3/6 + 1009*g**2. Give r(-4).
-59
Let d(u) = -7*u - 3. Let l(n) = 2*n - 1. Let w = 91 - 89. Let i(y) = w*l(y) - d(y). Give i(3).
34
Let v = -11 + 7. Let w(s) be t